s of j.
23, 43
Suppose 0 = -144*p - 126*p + 243*p + 717174. What are the prime factors of p?
2, 3, 19, 233
Let z = 40 - 12. Let n = 30 + z. Suppose h + 2*t + 174 = 4*h, n = h - 3*t. List the prime factors of h.
2, 29
Suppose 10*q + 5*q - 5250 = 0. What are the prime factors of ((-210)/q)/(0 + (-1)/1055)?
3, 211
List the prime factors of 6/((-78)/(-65)) + 9073.
2, 3, 17, 89
Let z(o) = -23*o**2 - 17*o - 87. Let w(k) = -23*k**2 - 18*k - 84. Let b(i) = 4*w(i) - 5*z(i). What are the prime factors of b(-6)?
3, 283
List the prime factors of 7 - (-3)/2*(-3)/3*-8234.
2, 37, 167
Let b = 212378 - 136410. What are the prime factors of b?
2, 1187
Suppose 0 = 102*b - 99*b - 57972. List the prime factors of b.
2, 4831
Suppose 4*w = -2*w - 174. Let b(h) = h**3 + 28*h**2 - 46*h - 38. List the prime factors of b(w).
5, 7, 13
Let p(y) = 2*y + 16. Let a be p(-4). Suppose -a*w = -49 - 1335. What are the prime factors of w?
173
Suppose 15*h = 4070 + 4735. Let z = h + -26. List the prime factors of z.
3, 11, 17
Suppose -44 = -2*w - w - 2*n, -w - 5*n = -32. Let u be (-2*(-2)/w)/(1/(-15)). List the prime factors of (-2 - -7 - -209) + u.
11, 19
Let f(y) = 63*y - 5 - 4 + 0 + 14. Let b be f(3). Let m = b + -113. What are the prime factors of m?
3
Suppose -5*t + 9 = -3*w, -2*w - 5*t + 21 = w. Suppose 2*c - 1661 = 5*b, -c + w*c - 4*b = 823. What are the prime factors of c?
3, 281
Let g(r) = -10*r + 2. Suppose -50*z - 125 = -55*z. Let o = 23 - z. What are the prime factors of g(o)?
2, 11
Let z be (6 - 0) + 36/12. Suppose 7*s = z*s - 4. List the prime factors of s.
2
List the prime factors of (-162954)/(-72) - (-28)/16.
3, 5, 151
List the prime factors of (-40)/25 - 76016/(-10).
2, 5, 19
Let z be (6/60)/(10/100). What are the prime factors of z*3*(-2327 + 11)/(-12)?
3, 193
Let v = -29 + 31. Let c be (-18)/(-2)*(12/18)/v. Suppose -85 + 646 = c*u. What are the prime factors of u?
11, 17
Let x be (-208)/(-34) - (-7)/238*-4. Suppose -x*t + 468 = 72. Suppose t = n + 45. List the prime factors of n.
3, 7
Suppose 4*o = j - 72615, -3*o + 2884 = 2890. What are the prime factors of j?
17, 4271
Let g(i) = 3306*i - 1038. List the prime factors of g(7).
2, 3, 307
Let r = -15 + 38. Suppose -2*y + r = -5. Suppose -y + 152 = 3*q. List the prime factors of q.
2, 23
Suppose 7*t - 2*t - 10 = 0. Suppose -11*k + 3069 = -t*k. Suppose -4*d = -3*u - k, -4*u = -3*u - 1. List the prime factors of d.
2, 43
Let x(g) = 677*g**2 - 34*g + 221. List the prime factors of x(-8).
3, 541
Let v(o) = -o**2 - 36*o + 99. Let b be v(-39). List the prime factors of b*(-3)/9 + 658.
2, 83
Let u(f) = f**3 - 2*f**2 - f - 1. Let j(s) = -3*s**3 + 26*s**2 - 50*s + 109. Let v(o) = -j(o) - 2*u(o). What are the prime factors of v(20)?
7, 19
Let l(p) = p**3 + 26*p**2 - 57*p - 28. Let o be l(-28). Suppose n - 294 = 4*m - m, -m = o. List the prime factors of n.
2, 3, 7
Let a = 1385 + -594. Suppose -a = -6*n + 13*n. Let y = n + 239. List the prime factors of y.
2, 3, 7
Let a(y) = -y**2 - 11*y - 9. Let z = 8 - 17. Let x be a(z). Suppose -11*b + 180 = -x*b. List the prime factors of b.
2, 3, 5
Let g be 2*-46*2/4. Let c = g + 57. List the prime factors of c.
11
Suppose 2*w = n + 7, -4*w - 4*n + 13 + 7 = 0. Suppose 12 = d - 2*p, -2*d - 11 = w*p + 5. List the prime factors of (-501)/d*(-1 + (-1)/(-3)).
167
Let w(j) be the second derivative of 10*j**3/3 + 5*j**2/2 + 14*j + 2. List the prime factors of w(3).
5, 13
Let a = 105542 + -70941. List the prime factors of a.
7, 4943
Let n = 5798 - -1955. List the prime factors of n.
7753
Let g(s) = -42*s**3 - 2*s**2 - 3*s - 5. Suppose -5*j = 4*y + 10, j - 6 = 4*j - 4*y. List the prime factors of g(j).
7, 47
Let s = 4194 - -21327. List the prime factors of s.
3, 47, 181
Let v(o) = 4*o**2 - 13*o - 59. Suppose -35*w = 22 + 293. List the prime factors of v(w).
2, 191
Suppose w = -j + 10, 0*w + w = 3*j + 10. Suppose w*b = 9654 + 7686. What are the prime factors of b?
2, 3, 17
Let l(g) = g**2 - 6*g. Let d be l(3). Let n = 12 - d. Suppose 18*h = n*h - 87. What are the prime factors of h?
29
Let i(l) = -209*l - 1100. List the prime factors of i(-13).
3, 7, 11
Suppose 2*n + 2 = n, -2*v - 2*n + 52 = 0. Suppose -124 = -77*w + 107. Suppose h = w + v. What are the prime factors of h?
31
Let t(o) = o**2 + 211 - 219 + 5*o - o**3 - 6*o**2. Let n be t(-6). What are the prime factors of (-20)/4*n*7/1?
2, 5, 7
Suppose -11*p - 8*p + 189900 = -4*p. What are the prime factors of p?
2, 3, 5, 211
Let c(h) = 1193*h**3 + 6*h**2 - 20*h + 2. List the prime factors of c(3).
7, 43, 107
Let s(l) = 209*l - 66. Let x be s(8). Suppose 1669 + x = 5*d. What are the prime factors of d?
5, 131
Let b be (-4)/6 + 1162/6. Let m(r) = -r**3 - 17*r**2 + 14*r + 244. Let k be m(-17). Suppose k*x = 305 + b. List the prime factors of x.
83
Suppose -1012423 - 137967 = -335*h. What are the prime factors of h?
2, 17, 101
Suppose -5*q = 5*s - 66245, s - 170 + 164 = 0. What are the prime factors of q?
17, 19, 41
Let a be 6/(144/524) - (-2)/12. List the prime factors of 3563/11 - (-2)/a.
2, 3
Suppose -161 = 22*m - 249. Suppose 0 = m*b - 3950 - 438. List the prime factors of b.
1097
Suppose -5*l + 16 = -19. Suppose -3*m + 7 - l = 0. Suppose 3*z = m, 0 = -3*y - 4*z - z + 681. What are the prime factors of y?
227
Let w be (-24)/48 + (-2)/8*-2. List the prime factors of (w + -1)/((-1)/24*4).
2, 3
Let v(x) = -84*x**3 - 3*x**2 - 2*x + 5. What are the prime factors of v(-2)?
3, 223
Let w = -48 + 263. Let x = 316 - w. What are the prime factors of x?
101
Let f(d) = 2*d**2 - 244*d - 135. List the prime factors of f(-36).
3, 1249
Let q(x) = 165*x - 119. Let u be q(21). Suppose -13*m + u = m. List the prime factors of m.
239
Let q be (-10)/6*3/(-1). Suppose 4*v + 5*t - 1673 = 0, q = 4*t - 3*t. What are the prime factors of v?
2, 103
List the prime factors of ((-7696)/5)/((5/75)/((-40)/60)).
2, 13, 37
Let j be 22 + (-30)/(-9)*(-6)/5. Suppose g + 9 = 3*f, 3*g + 1 = 5*f - j. Suppose 3*q - 345 = -2*b, -3*b + f*q + 28 = -522. List the prime factors of b.
2, 3, 5
Let t be 0 - (-5 + 4) - -1235. Suppose 3*s - 3207 = -t. Suppose -o - 8*o + s = 0. List the prime factors of o.
73
Let w(d) = -695*d - 13493. List the prime factors of w(-66).
32377
Let x(i) = i**2 - i**2 + 4*i - i**2 + 2*i**2 + 672. What are the prime factors of x(0)?
2, 3, 7
Suppose 12 = -y + 3*y + 2*h, 0 = -y - 2*h + 1. Suppose 3*t - 14 + y = 0. Let x = t + 93. What are the prime factors of x?
2, 47
Suppose -5*i - 162550 + 396882 = -4*x, 140604 = 3*i - 4*x. What are the prime factors of i?
2, 29, 101
Let d(j) = -j**3 - 13*j**2 + 9*j - 15. Let s(t) = 2*t**2 - 3*t - 2. Let g be s(-2). Let u = g - 26. List the prime factors of d(u).
5, 11
Let b(n) = -n**2 + 6*n - 2. Let v be b(4). Suppose -785 - 1879 = -v*s. What are the prime factors of ((-3)/12)/((-3)/s)?
37
Suppose 11 = 8*b - 5. Suppose 0 = -b*n - 3*l - 16, 5*n = -l - 14 - 0. List the prime factors of (-1 + n + 4)/(4/308).
7, 11
Let k = 389 - 377. Suppose k*b = 14*b - 516. What are the prime factors of b?
2, 3, 43
Suppose 0 = -2*m - 6, m = 5*a + 2*m - 22. Suppose -q - 2869 = -5*j - 314, -2555 = -a*j - 4*q. List the prime factors of j.
7, 73
Suppose -4*h + 7*h - 147 = 0. Suppose -2*x = -3*x - 3*m - h, 151 = -4*x - 3*m. Let q = -7 - x. List the prime factors of q.
3
Let f(p) = -p**3 + 3*p**2 - 8*p + 11. Let w be f(2). Let t(h) = -461*h**3 - 2*h**2 - 4*h. List the prime factors of t(w).
463
Let c(f) be the first derivative of -f**3/3 + 11*f**2/2 - 8*f - 13. Let y be c(10). Let l(o) = 10*o**3 - 2*o**2 - o + 1. List the prime factors of l(y).
71
Suppose 999*h - 1007*h = -77184. List the prime factors of h.
2, 3, 67
What are the prime factors of (-30 - -20) + (-5950)/(-1)?
2, 3, 5, 11
Suppose 2*q - 8*q + 30 = 0. Suppose -h + 3 = -4*y - 28, -4*y + 179 = q*h. Let t = 2 + h. What are the prime factors of t?
37
Let y(h) = h**3 + 7*h**2 - 8*h + 3. Let d be y(-8). Suppose -d*i - 198 = -5*i. Suppose 4*s = 5*l - 0*s - 500, l - s = i. What are the prime factors of l?
2, 13
Suppose -4*t - 20 = 0, 5*n + 5*t + 68 = 43. Suppose -6*x + x + 1340 = n. List the prime factors of x.
2, 67
Suppose -2733 = -2*k - 5*h, -12*k - 5484 = -16*k - 4*h. List the prime factors of k/(17/2 + -7).
2, 229
Suppose 0 = 6*c - 4*c - 7848. What are the prime factors of (-2)/7 - (6 - c/14)?
2,